at is 19bb - 176?
1845
In base 11, what is 18 + -2525?
-2508
In base 2, what is -11111 + -1011001111101?
-1011010011100
In base 15, what is a55c + 3?
a560
In base 6, what is 205 - -420114?
420323
In base 2, what is -10001001001110001110 + -10?
-10001001001110010000
In base 16, what is -169c + -a?
-16a6
In base 12, what is -33 + -271?
-2a4
In base 7, what is 55 - 3536?
-3451
In base 4, what is 33101122 - -11?
33101133
In base 15, what is -15 - -4e25?
4e10
In base 4, what is 2200000021 - -1?
2200000022
In base 5, what is -404410141 + -3?
-404410144
In base 16, what is 25 - -407?
42c
In base 3, what is -11110 + -202001?
-220111
In base 8, what is 22 - -31750?
31772
In base 13, what is 8b + 5381?
543c
In base 5, what is -11442 - -42?
-11400
In base 14, what is a38c + 0?
a38c
In base 5, what is -12311 + 110114?
42303
In base 11, what is 9 - 2338?
-232a
In base 6, what is 210 - 34042?
-33432
In base 7, what is 31415 + -1?
31414
In base 6, what is 3505450 - 3?
3505443
In base 15, what is 101 - 8?
e8
In base 3, what is 20 - -122210211110?
122210211200
In base 14, what is adbb + 6?
adc3
In base 11, what is -501a + 29a?
-4830
In base 3, what is -12 + 112100200?
112100111
In base 16, what is -1f - -3102?
30e3
In base 14, what is -c85 + -7?
-c8c
In base 8, what is -4 - -335516?
335512
In base 4, what is -13010 + 22330?
3320
In base 16, what is -a4d9 + -27?
-a500
In base 4, what is 3201 - 23020?
-13213
In base 15, what is 257915 + 5?
25791a
In base 9, what is -1 - -123287?
123286
In base 11, what is -64 + -146?
-1aa
In base 14, what is -1b - -137?
11a
In base 2, what is 1110010101010011 - 100?
1110010101001111
In base 12, what is -60563 + 9?
-60556
In base 3, what is 1 + -100021012100?
-100021012022
In base 4, what is -1032002020 + 1?
-1032002013
In base 11, what is 54 - 1032?
-a89
In base 4, what is -2 + 330331002?
330331000
In base 8, what is -253221 - -4?
-253215
In base 4, what is 1202230 - -20?
1202310
In base 8, what is 102414 + -12?
102402
In base 12, what is 2693 - -6a?
2741
In base 15, what is 37 + 0?
37
In base 15, what is 9501 + 3?
9504
In base 10, what is -1564 - 0?
-1564
In base 15, what is 0 + bab0?
bab0
In base 4, what is -13333 - 2103?
-22102
In base 4, what is 11 - -22322131?
22322202
In base 12, what is -211 - -122?
-ab
In base 8, what is -5 - 150005?
-150012
In base 8, what is 116 + 3244?
3362
In base 3, what is 120201 - 1012210?
-122002
In base 3, what is 21102 + 101100?
122202
In base 6, what is 53 - 40213?
-40120
In base 3, what is -1222 - -211021?
202022
In base 4, what is -2 - -2200120?
2200112
In base 10, what is -1938 - 2?
-1940
In base 10, what is -58 - -3649?
3591
In base 6, what is 1335 + -401?
534
In base 15, what is -15 - 53a?
-550
In base 12, what is -25 + 1845?
1820
In base 11, what is -21 - -75320?
752aa
In base 11, what is 9 - 502a?
-5021
In base 3, what is 2 - -1211202022000?
1211202022002
In base 14, what is -13 + 108?
d5
In base 4, what is -2 - -11130011?
11130003
In base 14, what is -ab + -276?
-343
In base 10, what is 6303 - 399?
5904
In base 5, what is -3 + -22430213?
-22430221
In base 16, what is 5e837 + 3?
5e83a
In base 3, what is -10000 - 10011221?
-10021221
In base 4, what is 13303 + 222121?
302030
In base 6, what is 52 - 4523?
-4431
In base 7, what is 426 - -20?
446
In base 3, what is 222 - 120021?
-112022
In base 8, what is -2 - -410572?
410570
In base 16, what is 3 + -4205?
-4202
In base 9, what is -5 + 22748?
22743
In base 3, what is 11 - 1021111012?
-1021111001
In base 6, what is 534202 + -2?
534200
In base 15, what is b2e - -6?
b35
In base 3, what is 2110 - -2121022?
2200202
In base 13, what is 7acc - 0?
7acc
In base 7, what is 4160543 - 2?
4160541
In base 6, what is 1 - -32321?
32322
In base 11, what is 4a37 - -3?
4a3a
In base 9, what is -856 - -4728?
3762
In base 13, what is 15 - -2127?
213c
In base 15, what is 7b7 + 21?
7d8
In base 15, what is 5 - 218a7?
-218a2
In base 3, what is -221111100 + 110?
-221110220
In base 5, what is 100 - -343331?
343431
In base 5, what is 1010 - -234343?
240403
In base 5, what is 201 + 433200?
433401
In base 2, what is 1010110 - 100111000010101?
-100110110111111
In base 16, what is 7b75f + 1?
7b760
In base 4, what is 130232110 - -11?
130232121
In base 12, what is 51048 - 2?
51046
In base 4, what is 13 - 13022013?
-13022000
In base 11, what is -3 + 34703?
34700
In base 4, what is -22 - -1331311?
1331223
In base 16, what is -40991 + -8?
-40999
In base 15, what is -11 + -3029?
-303a
In base 14, what is -4 - -3c0?
3ba
In base 3, what is -1000111221 - 10?
-1000112001
In base 8, what is -357 + 6031?
5452
In base 3, what is -122 + 101101221220?
101101221021
In base 15, what is -200b0 + 8?
-200a7
In base 14, what is -1 - -76d4?
76d3
In base 15, what is 5 - -2165?
216a
In base 10, what is 9600 + 61?
9661
In base 16, what is 448 - 64?
3e4
In base 12, what is 8 + 404a2?
404aa
In base 7, what is -3 - -1602?
1566
In base 6, what is 4 + -34432?
-34424
In base 10, what is -4 - 100312?
-100316
In base 6, what is 122 - -2415?
2541
In base 5, what is -214 - -122123?
121404
In base 5, what is -323432 - 10?
-323442
In base 14, what is 406211 + -4?
40620b
In base 12, what is 4 - 1652?
-164a
In base 13, what is -5 + -2700c?
-27014
In base 16, what is d39 - -165?
e9e
In base 8, what is 2012 + -1?
2011
In base 8, what is 10 + 10127?
10137
In base 9, what is 3216 + 24?
3241
In base 3, what is 2000 + -201010111?
-201001111
In base 10, what is 129400 - 3?
129397
In base 4, what is -2221 + -333?
-3220
In base 14, what is b + -167?
-15a
In base 14, what is -4 + -a349d?
-a34a3
In base 11, what is 26 + a30?
a56
In base 5, what is -10320214103 + 0?
-10320214103
In base 2, what is 1000000110100 - -100?
1000000111000
In base 11, what is -61a8 + a?
-6199
In base 4, what is 10 + 133210?
133220
In base 3, what is 100220120 + 11001?
101001121
In base 3, what is -202001 - 11?
-202012
In base 6, what is -110 + -325500?
-330010
In base 8, what is -217 + 1653?
1434
In base 14, what is 0 - 15b690?
-15b690
In base 5, what is -1224122 - 23?
-1224200
In base 4, what is 220 + 3100321?
3101201
In base 2, what is 10010111011001111110 + 10?
10010111011010000000
In base 7, what is 5561634 + -2?
5561632
In base 10, what is 13 - -8152?
8165
In base 3, what is -121210110 + 1?
-121210102
In base 4, what is 131121 - -3?
131130
In base 6, what is -2 + -443350?
-443352
In base 16, what is 9 + -11c3c?
-11c33
In base 11, what is -5 + -210343?
-210348
In base 15, what is -4 + -84c?
-851
In base 9, what is 244750 - 4?
244745
In base 15, what is -2 - 2c3e6?
-2c3e8
In base 6, what is 34135 - -2412?
40551
In base 9, what is -2 + -30884?
-30886
In base 15, what is -118d - 14?
-11a2
In base 10, what is -2041869 + 4?
-2041865
In base 14, what is 3 + 5993?
5996
In base 11, what is 346321 + 4?
346325
In base 2, what is 1 - -10111110001111?
10111110010000
In base 8, what is 15273 - -6?
15301
In base 11, what is 15499 - -4?
154a2
In base 4, what is 1 + -131110232?
-131110231
In base 2, what is 1011111 - -1001111110?
1011011101
In base 4, what is 2210 - -10210?
13020
In base 4, what is -2221022 + -12?
-2221100
In base 10, what is -4751 + 36?
-4715
In base 9, what is -1101 - -14?
-1076
In base 15, what is -3217 - 1?
-3218
In base 7, what is -4015 + 33?
-3652
In base 11, what is -5a7a5 + 1?
-5a7a4
In base 10, what is 2694 + -303?
2391
In base 16, what is 1ae38 - -4?
1ae3c
In base 7, what is 104 - 25514?
-25410
In base 8, what is 4 + 17710?
17714
In base 2, what is -101001110 + 110101100?
1011110
In base 11, what is -19 - 292a?
-2948
In base 3, what is -102 - 2011120121?
-2011121000
In base 14, what is -3 + 27119?
27116
In base 7, what is -330 + -110043?
-110403
In base 9, what is -3768582 + -5?
-3768587
In base 11, what is -243 - -54?
-19a
In base 4, what is -11310 - 123?
-12033
In base 15, what is 5b7b - 2?
5b79
In base 16, what is -34 - -1079?
1045
In base 16, what is 9c1d - 8?
9c15
In base 13, what is 367 - -61?
3c8
In base 12, what is -4 - -592a1b?
592a17
In base 12, what is -4 + -673?
-677
In base 5, what is -13 + -322310?
-322323
In base 14, what is 4013 + 26?
4039
In base 15, what is 2d5e5 + 0?
2d5e5
In base 2, what is -1101 - 11111000?
-100000101
In base 14, what is -b + -1394?
-13a1
In base 7, what is 22 + -235101?
-235046
In base 4, 